{"id":1878,"date":"2024-04-11T15:43:40","date_gmt":"2024-04-11T15:43:40","guid":{"rendered":"https:\/\/prospa-wordpress.technowebstore.com\/price-copy\/"},"modified":"2026-04-27T04:21:53","modified_gmt":"2026-04-27T02:21:53","slug":"faqs","status":"publish","type":"page","link":"https:\/\/madmikeguitar.pl\/index.php\/faqs\/","title":{"rendered":"Faq&#8217;s"},"content":{"rendered":"\t\t<div data-elementor-type=\"wp-page\" data-elementor-id=\"1878\" class=\"elementor elementor-1878\" data-elementor-post-type=\"page\">\n\t\t\t\t\t\t<section class=\"has_eae_slider elementor-section elementor-top-section elementor-element elementor-element-2c3038f subbanner2  elementor-section-boxed elementor-section-height-default elementor-section-height-default\" data-eae-slider=\"1023\" data-id=\"2c3038f\" data-element_type=\"section\" data-e-type=\"section\" data-settings=\"{&quot;background_background&quot;:&quot;classic&quot;}\">\n\t\t\t\t\t\t<div class=\"elementor-container elementor-column-gap-default\">\n\t\t\t\t\t<div class=\"has_eae_slider elementor-column elementor-col-100 elementor-top-column elementor-element elementor-element-a31a688\" data-eae-slider=\"16616\" data-id=\"a31a688\" data-element_type=\"column\" data-e-type=\"column\">\n\t\t\t<div class=\"elementor-widget-wrap elementor-element-populated\">\n\t\t\t\t\t\t<section class=\"has_eae_slider elementor-section elementor-inner-section elementor-element elementor-element-75620a6 elementor-section-boxed elementor-section-height-default elementor-section-height-default\" data-eae-slider=\"34994\" data-id=\"75620a6\" data-element_type=\"section\" data-e-type=\"section\">\n\t\t\t\t\t\t<div class=\"elementor-container elementor-column-gap-default\">\n\t\t\t\t\t<div class=\"has_eae_slider elementor-column elementor-col-50 elementor-inner-column elementor-element elementor-element-82105d2\" data-eae-slider=\"29648\" data-id=\"82105d2\" data-element_type=\"column\" data-e-type=\"column\">\n\t\t\t<div class=\"elementor-widget-wrap elementor-element-populated\">\n\t\t\t\t\t\t<div class=\"elementor-element elementor-element-ab285d4 elementor-widget elementor-widget-page-title\" data-id=\"ab285d4\" data-element_type=\"widget\" data-e-type=\"widget\" data-widget_type=\"page-title.default\">\n\t\t\t\t<div class=\"elementor-widget-container\">\n\t\t\t\t\t\t\t\n\t\t<div class=\"hfe-page-title hfe-page-title-wrapper elementor-widget-heading\">\n\n\t\t\t\t\t\t\t\t<h2 class=\"elementor-heading-title elementor-size-default\">\n\t\t\t\t\t\t\t\t\n\t\t\t\tFaq&#8217;s  \n\t\t\t<\/h2 > \n\t\t\t\t\t<\/div>\n\t\t\t\t\t\t<\/div>\n\t\t\t\t<\/div>\n\t\t\t\t\t<\/div>\n\t\t<\/div>\n\t\t\t\t<div class=\"has_eae_slider elementor-column elementor-col-50 elementor-inner-column elementor-element elementor-element-d41069a\" data-eae-slider=\"36733\" data-id=\"d41069a\" data-element_type=\"column\" data-e-type=\"column\">\n\t\t\t<div class=\"elementor-widget-wrap elementor-element-populated\">\n\t\t\t\t\t\t<div class=\"elementor-element elementor-element-40e5be8 elementor-widget elementor-widget-html\" data-id=\"40e5be8\" data-element_type=\"widget\" data-e-type=\"widget\" data-widget_type=\"html.default\">\n\t\t\t\t\t<ul class=\"breadcrumbs none-style fl-r\">\r\n<li><a href=\"\/\">Home<\/a><\/li>\r\n<li>Faq's<\/li>\r\n\r\n<\/ul>\t\t\t\t<\/div>\n\t\t\t\t\t<\/div>\n\t\t<\/div>\n\t\t\t\t\t<\/div>\n\t\t<\/section>\n\t\t\t\t\t<\/div>\n\t\t<\/div>\n\t\t\t\t\t<\/div>\n\t\t<\/section>\n\t\t\t\t<section class=\"has_eae_slider elementor-section elementor-top-section elementor-element elementor-element-e4601c7 elementor-section-boxed elementor-section-height-default elementor-section-height-default\" data-eae-slider=\"15630\" data-id=\"e4601c7\" data-element_type=\"section\" data-e-type=\"section\">\n\t\t\t\t\t\t<div class=\"elementor-container elementor-column-gap-default\">\n\t\t\t\t\t<div class=\"has_eae_slider elementor-column elementor-col-100 elementor-top-column elementor-element elementor-element-625a68d\" data-eae-slider=\"93414\" data-id=\"625a68d\" data-element_type=\"column\" data-e-type=\"column\">\n\t\t\t<div class=\"elementor-widget-wrap elementor-element-populated\">\n\t\t\t\t\t\t<section class=\"has_eae_slider elementor-section elementor-inner-section elementor-element elementor-element-b6ede1a elementor-section-boxed elementor-section-height-default elementor-section-height-default\" data-eae-slider=\"60034\" data-id=\"b6ede1a\" data-element_type=\"section\" data-e-type=\"section\">\n\t\t\t\t\t\t<div class=\"elementor-container elementor-column-gap-default\">\n\t\t\t\t\t<div class=\"has_eae_slider elementor-column elementor-col-100 elementor-inner-column elementor-element elementor-element-4c477dd\" data-eae-slider=\"93350\" data-id=\"4c477dd\" data-element_type=\"column\" data-e-type=\"column\">\n\t\t\t<div class=\"elementor-widget-wrap elementor-element-populated\">\n\t\t\t\t\t\t<div class=\"elementor-element elementor-element-afad62a elementor-widget elementor-widget-heading\" data-id=\"afad62a\" data-element_type=\"widget\" data-e-type=\"widget\" data-widget_type=\"heading.default\">\n\t\t\t\t\t<h2 class=\"elementor-heading-title elementor-size-default\">FAQ'S<\/h2>\t\t\t\t<\/div>\n\t\t\t\t<div class=\"elementor-element elementor-element-f99b023 elementor-widget elementor-widget-heading\" data-id=\"f99b023\" data-element_type=\"widget\" data-e-type=\"widget\" data-widget_type=\"heading.default\">\n\t\t\t\t\t<h2 class=\"elementor-heading-title elementor-size-default\">Q&amp;A \u2013 Mad Mike Guitar School<span style=\", sans-serif\"><\/span><\/h2>\t\t\t\t<\/div>\n\t\t\t\t\t<\/div>\n\t\t<\/div>\n\t\t\t\t\t<\/div>\n\t\t<\/section>\n\t\t\t\t\t<\/div>\n\t\t<\/div>\n\t\t\t\t\t<\/div>\n\t\t<\/section>\n\t\t\t\t<section class=\"has_eae_slider elementor-section elementor-top-section elementor-element elementor-element-1e678fe elementor-section-boxed elementor-section-height-default elementor-section-height-default\" data-eae-slider=\"53127\" data-id=\"1e678fe\" data-element_type=\"section\" data-e-type=\"section\">\n\t\t\t\t\t\t<div class=\"elementor-container elementor-column-gap-default\">\n\t\t\t\t\t<div class=\"has_eae_slider elementor-column elementor-col-25 elementor-top-column elementor-element elementor-element-cc51d0d\" data-eae-slider=\"96452\" data-id=\"cc51d0d\" data-element_type=\"column\" data-e-type=\"column\">\n\t\t\t<div class=\"elementor-widget-wrap\">\n\t\t\t\t\t\t\t<\/div>\n\t\t<\/div>\n\t\t\t\t<div class=\"has_eae_slider elementor-column elementor-col-50 elementor-top-column elementor-element elementor-element-141f771\" data-eae-slider=\"2880\" data-id=\"141f771\" data-element_type=\"column\" data-e-type=\"column\">\n\t\t\t<div class=\"elementor-widget-wrap elementor-element-populated\">\n\t\t\t\t\t\t<section class=\"has_eae_slider elementor-section elementor-inner-section elementor-element elementor-element-34e43c6 elementor-section-boxed elementor-section-height-default elementor-section-height-default\" data-eae-slider=\"46071\" data-id=\"34e43c6\" data-element_type=\"section\" data-e-type=\"section\">\n\t\t\t\t\t\t<div class=\"elementor-container elementor-column-gap-default\">\n\t\t\t\t\t<div class=\"has_eae_slider elementor-column elementor-col-100 elementor-inner-column elementor-element elementor-element-c086a2b\" data-eae-slider=\"59495\" data-id=\"c086a2b\" data-element_type=\"column\" data-e-type=\"column\">\n\t\t\t<div class=\"elementor-widget-wrap elementor-element-populated\">\n\t\t\t\t\t\t<div class=\"elementor-element elementor-element-3321d65 elementor-widget elementor-widget-elementskit-accordion\" data-id=\"3321d65\" data-element_type=\"widget\" data-e-type=\"widget\" data-widget_type=\"elementskit-accordion.default\">\n\t\t\t\t\t<div class=\"ekit-wid-con\" >\n        <div class=\"elementskit-accordion accoedion-primary\" id=\"accordion-69f0d48ee87f5\">\n\n            \n                <div class=\"elementskit-card active\">\n                    <div class=\"elementskit-card-header\" id=\"primaryHeading-0-3321d65\">\n                        <a href=\"#collapse-76399c669f0d48ee87f5\" class=\"ekit-accordion--toggler elementskit-btn-link collapsed\" data-ekit-toggle=\"collapse\" data-target=\"#Collapse-76399c669f0d48ee87f5\" aria-expanded=\"true\" aria-controls=\"Collapse-76399c669f0d48ee87f5\">\n                            \n                            <span class=\"ekit-accordion-title\">Czy musz\u0119 mie\u0107 w\u0142asny instrument?<\/span>\n\n                            \n                                <div class=\"ekit_accordion_icon_group\">\n                                    <div class=\"ekit_accordion_normal_icon\">\n                                        <!-- Normal Icon -->\n\t\t\t\t\t\t\t\t\t\t<i class=\"icon icon-down-arrow1\"><\/i>                                    <\/div>\n\n                                    <div class=\"ekit_accordion_active_icon\">\n                                        <!-- Active Icon -->\n\t\t\t\t\t\t\t\t\t\t<i class=\"icon icon-up-arrow\"><\/i>                                    <\/div>\n                                <\/div>\n\n                            \n                                                    <\/a>\n                    <\/div>\n\n                    <div id=\"Collapse-76399c669f0d48ee87f5\" class=\" show collapse\" aria-labelledby=\"primaryHeading-0-3321d65\" data-parent=\"#accordion-69f0d48ee87f5\">\n\n                        <div class=\"elementskit-card-body ekit-accordion--content\">\n                            <div>Na pocz\u0105tku nie jest to konieczne.<\/div><div>Podczas zaj\u0119\u0107 udost\u0119pniamy bezp\u0142atnie nasze gitary i ukulele.<\/div><div>\u00a0<\/div><div>Oferujemy r\u00f3wnie\u017c mo\u017cliwo\u015b\u0107 wypo\u017cyczenia instrumentu:<\/div><div>\u2022\ud83c\udfb6 Ukulele \u2013 50 z\u0142 \/ miesi\u0105c<\/div><div>\u2022\ud83c\udfb8 Gitara \u2013 od 100 z\u0142 \/ miesi\u0105c (w zale\u017cno\u015bci od modelu)<\/div><div>\u00a0<\/div><div>Dzi\u0119ki temu mo\u017cesz zacz\u0105\u0107 nauk\u0119 bez dodatkowych koszt\u00f3w na start.<\/div>                        <\/div>\n\n                    <\/div>\n\n                <\/div><!-- .elementskit-card END -->\n\n                \n                <div class=\"elementskit-card \">\n                    <div class=\"elementskit-card-header\" id=\"primaryHeading-1-3321d65\">\n                        <a href=\"#collapse-64026cf69f0d48ee87f5\" class=\"ekit-accordion--toggler elementskit-btn-link collapsed\" data-ekit-toggle=\"collapse\" data-target=\"#Collapse-64026cf69f0d48ee87f5\" aria-expanded=\"false\" aria-controls=\"Collapse-64026cf69f0d48ee87f5\">\n                            \n                            <span class=\"ekit-accordion-title\">W jakim wieku s\u0105 uczniowie?<\/span>\n\n                            \n                                <div class=\"ekit_accordion_icon_group\">\n                                    <div class=\"ekit_accordion_normal_icon\">\n                                        <!-- Normal Icon -->\n\t\t\t\t\t\t\t\t\t\t<i class=\"icon icon-down-arrow1\"><\/i>                                    <\/div>\n\n                                    <div class=\"ekit_accordion_active_icon\">\n                                        <!-- Active Icon -->\n\t\t\t\t\t\t\t\t\t\t<i class=\"icon icon-up-arrow\"><\/i>                                    <\/div>\n                                <\/div>\n\n                            \n                                                    <\/a>\n                    <\/div>\n\n                    <div id=\"Collapse-64026cf69f0d48ee87f5\" class=\" collapse\" aria-labelledby=\"primaryHeading-1-3321d65\" data-parent=\"#accordion-69f0d48ee87f5\">\n\n                        <div class=\"elementskit-card-body ekit-accordion--content\">\n                            <p>Nasze zaj\u0119cia odbywaj\u0105 si\u0119 w profesjonalnym studio muzycznym, dlatego nie prowadzimy lekcji dla bardzo ma\u0142ych dzieci.<\/p><p>\ud83d\udccc Dolna granica wieku to oko\u0142o 10 lat.<br \/>Dla m\u0142odszych uczni\u00f3w cz\u0119sto polecamy na pocz\u0105tek ukulele \u2013 jest mniejsze, l\u017cejsze i \u0142atwiejsze do opanowania.<\/p><p>Uczymy r\u00f3wnie\u017c m\u0142odzie\u017c i doros\u0142ych \u2013 na nauk\u0119 nigdy nie jest za p\u00f3\u017ano \ud83d\ude09<\/p>                        <\/div>\n\n                    <\/div>\n\n                <\/div><!-- .elementskit-card END -->\n\n                \n                <div class=\"elementskit-card \">\n                    <div class=\"elementskit-card-header\" id=\"primaryHeading-2-3321d65\">\n                        <a href=\"#collapse-b03b53469f0d48ee87f5\" class=\"ekit-accordion--toggler elementskit-btn-link collapsed\" data-ekit-toggle=\"collapse\" data-target=\"#Collapse-b03b53469f0d48ee87f5\" aria-expanded=\"false\" aria-controls=\"Collapse-b03b53469f0d48ee87f5\">\n                            \n                            <span class=\"ekit-accordion-title\">Czy musz\u0119 zna\u0107 nuty i teori\u0119 muzyki?<\/span>\n\n                            \n                                <div class=\"ekit_accordion_icon_group\">\n                                    <div class=\"ekit_accordion_normal_icon\">\n                                        <!-- Normal Icon -->\n\t\t\t\t\t\t\t\t\t\t<i class=\"icon icon-down-arrow1\"><\/i>                                    <\/div>\n\n                                    <div class=\"ekit_accordion_active_icon\">\n                                        <!-- Active Icon -->\n\t\t\t\t\t\t\t\t\t\t<i class=\"icon icon-up-arrow\"><\/i>                                    <\/div>\n                                <\/div>\n\n                            \n                                                    <\/a>\n                    <\/div>\n\n                    <div id=\"Collapse-b03b53469f0d48ee87f5\" class=\" collapse\" aria-labelledby=\"primaryHeading-2-3321d65\" data-parent=\"#accordion-69f0d48ee87f5\">\n\n                        <div class=\"elementskit-card-body ekit-accordion--content\">\n                            <p>Nie \ud83d\ude42<br \/>Nie wymagamy \u017cadnej wcze\u015bniejszej wiedzy.<\/p><p>Wszystkiego nauczymy Ci\u0119 od podstaw \u2013 krok po kroku, w praktyczny i przyst\u0119pny spos\u00f3b.<\/p>                        <\/div>\n\n                    <\/div>\n\n                <\/div><!-- .elementskit-card END -->\n\n                \n                <div class=\"elementskit-card \">\n                    <div class=\"elementskit-card-header\" id=\"primaryHeading-3-3321d65\">\n                        <a href=\"#collapse-a84743569f0d48ee87f5\" class=\"ekit-accordion--toggler elementskit-btn-link collapsed\" data-ekit-toggle=\"collapse\" data-target=\"#Collapse-a84743569f0d48ee87f5\" aria-expanded=\"false\" aria-controls=\"Collapse-a84743569f0d48ee87f5\">\n                            \n                            <span class=\"ekit-accordion-title\">Czy mog\u0119 uczestniczy\u0107 w zaj\u0119ciach nieregularnie?<\/span>\n\n                            \n                                <div class=\"ekit_accordion_icon_group\">\n                                    <div class=\"ekit_accordion_normal_icon\">\n                                        <!-- Normal Icon -->\n\t\t\t\t\t\t\t\t\t\t<i class=\"icon icon-down-arrow1\"><\/i>                                    <\/div>\n\n                                    <div class=\"ekit_accordion_active_icon\">\n                                        <!-- Active Icon -->\n\t\t\t\t\t\t\t\t\t\t<i class=\"icon icon-up-arrow\"><\/i>                                    <\/div>\n                                <\/div>\n\n                            \n                                                    <\/a>\n                    <\/div>\n\n                    <div id=\"Collapse-a84743569f0d48ee87f5\" class=\" collapse\" aria-labelledby=\"primaryHeading-3-3321d65\" data-parent=\"#accordion-69f0d48ee87f5\">\n\n                        <div class=\"elementskit-card-body ekit-accordion--content\">\n                            <p>Standardowo zaj\u0119cia odbywaj\u0105 si\u0119 w sta\u0142ych terminach \u2013 1 lub 2 razy w tygodniu.<\/p><p>Istnieje tak\u017ce mo\u017cliwo\u015b\u0107 wykupienia pojedynczych konsultacji (np. przed wyst\u0119pem, egzaminem lub gdy chcesz popracowa\u0107 nad konkretnym tematem).<br \/>\ud83d\udcb0 Cena konsultacji: 250 z\u0142<\/p>                        <\/div>\n\n                    <\/div>\n\n                <\/div><!-- .elementskit-card END -->\n\n                \n                <div class=\"elementskit-card \">\n                    <div class=\"elementskit-card-header\" id=\"primaryHeading-4-3321d65\">\n                        <a href=\"#collapse-0163d7369f0d48ee87f5\" class=\"ekit-accordion--toggler elementskit-btn-link collapsed\" data-ekit-toggle=\"collapse\" data-target=\"#Collapse-0163d7369f0d48ee87f5\" aria-expanded=\"false\" aria-controls=\"Collapse-0163d7369f0d48ee87f5\">\n                            \n                            <span class=\"ekit-accordion-title\">Czy mog\u0119 uczy\u0107 si\u0119 konkretnego stylu muzycznego?<\/span>\n\n                            \n                                <div class=\"ekit_accordion_icon_group\">\n                                    <div class=\"ekit_accordion_normal_icon\">\n                                        <!-- Normal Icon -->\n\t\t\t\t\t\t\t\t\t\t<i class=\"icon icon-down-arrow1\"><\/i>                                    <\/div>\n\n                                    <div class=\"ekit_accordion_active_icon\">\n                                        <!-- Active Icon -->\n\t\t\t\t\t\t\t\t\t\t<i class=\"icon icon-up-arrow\"><\/i>                                    <\/div>\n                                <\/div>\n\n                            \n                                                    <\/a>\n                    <\/div>\n\n                    <div id=\"Collapse-0163d7369f0d48ee87f5\" class=\" collapse\" aria-labelledby=\"primaryHeading-4-3321d65\" data-parent=\"#accordion-69f0d48ee87f5\">\n\n                        <div class=\"elementskit-card-body ekit-accordion--content\">\n                            <p>Tak! Rock, pop, metal, blues, funk, a nawet przygotowanie pod wystepy\u2013 dopasowujemy program do Twoich cel\u00f3w i muzycznych inspiracji.<\/p>                        <\/div>\n\n                    <\/div>\n\n                <\/div><!-- .elementskit-card END -->\n\n                \n                <div class=\"elementskit-card \">\n                    <div class=\"elementskit-card-header\" id=\"primaryHeading-5-3321d65\">\n                        <a href=\"#collapse-3632b8269f0d48ee87f5\" class=\"ekit-accordion--toggler elementskit-btn-link collapsed\" data-ekit-toggle=\"collapse\" data-target=\"#Collapse-3632b8269f0d48ee87f5\" aria-expanded=\"false\" aria-controls=\"Collapse-3632b8269f0d48ee87f5\">\n                            \n                            <span class=\"ekit-accordion-title\">Czy oferujecie zaj\u0119cia online?<\/span>\n\n                            \n                                <div class=\"ekit_accordion_icon_group\">\n                                    <div class=\"ekit_accordion_normal_icon\">\n                                        <!-- Normal Icon -->\n\t\t\t\t\t\t\t\t\t\t<i class=\"icon icon-down-arrow1\"><\/i>                                    <\/div>\n\n                                    <div class=\"ekit_accordion_active_icon\">\n                                        <!-- Active Icon -->\n\t\t\t\t\t\t\t\t\t\t<i class=\"icon icon-up-arrow\"><\/i>                                    <\/div>\n                                <\/div>\n\n                            \n                                                    <\/a>\n                    <\/div>\n\n                    <div id=\"Collapse-3632b8269f0d48ee87f5\" class=\" collapse\" aria-labelledby=\"primaryHeading-5-3321d65\" data-parent=\"#accordion-69f0d48ee87f5\">\n\n                        <div class=\"elementskit-card-body ekit-accordion--content\">\n                            <p>Tak \u2013 prowadzimy r\u00f3wnie\u017c lekcje online dla os\u00f3b spoza Warszawy lub z napi\u0119tym grafikiem.<\/p>                        <\/div>\n\n                    <\/div>\n\n                <\/div><!-- .elementskit-card END -->\n\n                \n                <div class=\"elementskit-card \">\n                    <div class=\"elementskit-card-header\" id=\"primaryHeading-6-3321d65\">\n                        <a href=\"#collapse-ffe003669f0d48ee87f5\" class=\"ekit-accordion--toggler elementskit-btn-link collapsed\" data-ekit-toggle=\"collapse\" data-target=\"#Collapse-ffe003669f0d48ee87f5\" aria-expanded=\"false\" aria-controls=\"Collapse-ffe003669f0d48ee87f5\">\n                            \n                            <span class=\"ekit-accordion-title\">Jak wygl\u0105daj\u0105 pierwsze zaj\u0119cia?<\/span>\n\n                            \n                                <div class=\"ekit_accordion_icon_group\">\n                                    <div class=\"ekit_accordion_normal_icon\">\n                                        <!-- Normal Icon -->\n\t\t\t\t\t\t\t\t\t\t<i class=\"icon icon-down-arrow1\"><\/i>                                    <\/div>\n\n                                    <div class=\"ekit_accordion_active_icon\">\n                                        <!-- Active Icon -->\n\t\t\t\t\t\t\t\t\t\t<i class=\"icon icon-up-arrow\"><\/i>                                    <\/div>\n                                <\/div>\n\n                            \n                                                    <\/a>\n                    <\/div>\n\n                    <div id=\"Collapse-ffe003669f0d48ee87f5\" class=\" collapse\" aria-labelledby=\"primaryHeading-6-3321d65\" data-parent=\"#accordion-69f0d48ee87f5\">\n\n                        <div class=\"elementskit-card-body ekit-accordion--content\">\n                            <div>Pierwsza lekcja to:<\/div><div>\u2022poznanie Twojego poziomu<\/div><div>\u2022ustalenie cel\u00f3w<\/div><div>\u2022pierwsze \u0107wiczenia i zagranie utworu \/ riffu<\/div><div>\u00a0<\/div><div>Chcemy, \u017ceby\u015b ju\u017c po pierwszym spotkaniu wyszed\u0142 z poczuciem:<\/div><div>\u201eGram! \ud83d\udd25\u201d<\/div>                        <\/div>\n\n                    <\/div>\n\n                <\/div><!-- .elementskit-card END -->\n\n                \n                <div class=\"elementskit-card \">\n                    <div class=\"elementskit-card-header\" id=\"primaryHeading-7-3321d65\">\n                        <a href=\"#collapse-0ca555969f0d48ee87f5\" class=\"ekit-accordion--toggler elementskit-btn-link collapsed\" data-ekit-toggle=\"collapse\" data-target=\"#Collapse-0ca555969f0d48ee87f5\" aria-expanded=\"false\" aria-controls=\"Collapse-0ca555969f0d48ee87f5\">\n                            \n                            <span class=\"ekit-accordion-title\">Czy mog\u0119 przygotowa\u0107 si\u0119 do szko\u0142y muzycznej lub egzaminu?<\/span>\n\n                            \n                                <div class=\"ekit_accordion_icon_group\">\n                                    <div class=\"ekit_accordion_normal_icon\">\n                                        <!-- Normal Icon -->\n\t\t\t\t\t\t\t\t\t\t<i class=\"icon icon-down-arrow1\"><\/i>                                    <\/div>\n\n                                    <div class=\"ekit_accordion_active_icon\">\n                                        <!-- Active Icon -->\n\t\t\t\t\t\t\t\t\t\t<i class=\"icon icon-up-arrow\"><\/i>                                    <\/div>\n                                <\/div>\n\n                            \n                                                    <\/a>\n                    <\/div>\n\n                    <div id=\"Collapse-0ca555969f0d48ee87f5\" class=\" collapse\" aria-labelledby=\"primaryHeading-7-3321d65\" data-parent=\"#accordion-69f0d48ee87f5\">\n\n                        <div class=\"elementskit-card-body ekit-accordion--content\">\n                            <div>Tak. Przygotowujemy do:<\/div><div>\u2022egzamin\u00f3w do szk\u00f3\u0142 muzycznych<\/div><div>\u2022przes\u0142ucha\u0144<\/div><div>\u2022konkurs\u00f3w<\/div><div>\u2022wyst\u0119p\u00f3w scenicznych<\/div>                        <\/div>\n\n                    <\/div>\n\n                <\/div><!-- .elementskit-card END -->\n\n                                        <\/div>\n    <\/div>\t\t\t\t<\/div>\n\t\t\t\t\t<\/div>\n\t\t<\/div>\n\t\t\t\t\t<\/div>\n\t\t<\/section>\n\t\t\t\t\t<\/div>\n\t\t<\/div>\n\t\t\t\t<div class=\"has_eae_slider elementor-column elementor-col-25 elementor-top-column elementor-element elementor-element-055fd92\" data-eae-slider=\"99349\" data-id=\"055fd92\" data-element_type=\"column\" data-e-type=\"column\">\n\t\t\t<div class=\"elementor-widget-wrap\">\n\t\t\t\t\t\t\t<\/div>\n\t\t<\/div>\n\t\t\t\t\t<\/div>\n\t\t<\/section>\n\t\t\t\t<\/div>\n\t\t","protected":false},"excerpt":{"rendered":"<p>Faq&#8217;s Home Faq&#8217;s FAQ&#8217;S Q&amp;A \u2013 Mad Mike Guitar School Czy musz\u0119 mie\u0107 w\u0142asny instrument? Na pocz\u0105tku nie jest to konieczne.Podczas zaj\u0119\u0107 udost\u0119pniamy bezp\u0142atnie nasze gitary i ukulele.\u00a0Oferujemy r\u00f3wnie\u017c mo\u017cliwo\u015b\u0107 wypo\u017cyczenia instrumentu:\u2022&#x1f3b6; Ukulele \u2013 50 z\u0142 \/ miesi\u0105c\u2022&#x1f3b8; Gitara \u2013 od 100 z\u0142 \/ miesi\u0105c (w zale\u017cno\u015bci od modelu)\u00a0Dzi\u0119ki temu mo\u017cesz zacz\u0105\u0107 nauk\u0119 bez dodatkowych [&hellip;]<\/p>\n","protected":false},"author":4,"featured_media":0,"parent":0,"menu_order":0,"comment_status":"closed","ping_status":"closed","template":"elementor_header_footer","meta":{"_acf_changed":false,"footnotes":""},"class_list":["post-1878","page","type-page","status-publish","hentry"],"acf":[],"_links":{"self":[{"href":"https:\/\/madmikeguitar.pl\/index.php\/wp-json\/wp\/v2\/pages\/1878","targetHints":{"allow":["GET"]}}],"collection":[{"href":"https:\/\/madmikeguitar.pl\/index.php\/wp-json\/wp\/v2\/pages"}],"about":[{"href":"https:\/\/madmikeguitar.pl\/index.php\/wp-json\/wp\/v2\/types\/page"}],"author":[{"embeddable":true,"href":"https:\/\/madmikeguitar.pl\/index.php\/wp-json\/wp\/v2\/users\/4"}],"replies":[{"embeddable":true,"href":"https:\/\/madmikeguitar.pl\/index.php\/wp-json\/wp\/v2\/comments?post=1878"}],"version-history":[{"count":9,"href":"https:\/\/madmikeguitar.pl\/index.php\/wp-json\/wp\/v2\/pages\/1878\/revisions"}],"predecessor-version":[{"id":2538,"href":"https:\/\/madmikeguitar.pl\/index.php\/wp-json\/wp\/v2\/pages\/1878\/revisions\/2538"}],"wp:attachment":[{"href":"https:\/\/madmikeguitar.pl\/index.php\/wp-json\/wp\/v2\/media?parent=1878"}],"curies":[{"name":"wp","href":"https:\/\/api.w.org\/{rel}","templated":true}]}}